{"id":1285,"date":"2018-05-24T21:20:00","date_gmt":"2018-05-24T21:20:00","guid":{"rendered":"http:\/\/momentosdenatureza.web.ua.pt\/?page_id=1285"},"modified":"2018-05-29T13:37:20","modified_gmt":"2018-05-29T13:37:20","slug":"2018-traca","status":"publish","type":"page","link":"https:\/\/momentosdenatureza.web.ua.pt\/index.php\/2018-traca\/","title":{"rendered":"TRA\u00c7A"},"content":{"rendered":"<blockquote><p>Apesar de ser \u201cparente\u201d, existem seis vezes mais esp\u00e9cies de tra\u00e7as em compara\u00e7\u00e3o a borboletas. Uma das caracter\u00edsticas para distinguir as tra\u00e7as das borboletas \u00e9, sem d\u00favida, verificar as antenas. Enquanto as borboletas possuem na sua extremidade uma \u201cbolinha\u201d que se assemelha \u00e0 ponta de um taco de golfe, as tra\u00e7as possuem antenas lisas (como \u00e9 caso desta) ou filamentosas, que lembram penas ou plumas. Al\u00e9m disso, em repouso, as asas nas tra\u00e7as ficam ca\u00eddas obliquamente, em telhado, sobre o corpo, ou horizontalmente, com as anteriores a cobrir total ou parcialmente as posteriores.<br \/>\nPor fim, as tra\u00e7as tem cores menos coloridas e possuem h\u00e1bitos noturnos, diferentes nas borboletas.\n<\/p><\/blockquote>\n<p>Aldiro Pereira<br \/>\n<a href=\"#\" data-featherlight=\"http:\/\/momentosdenatureza.web.ua.pt\/wp-content\/uploads\/2018\/05\/Imgp2028.30x45.jpg\"><br \/>\n<figure id=\"attachment_1129\" aria-describedby=\"caption-attachment-1129\" style=\"width: 300px\" class=\"wp-caption alignleft\"><img loading=\"lazy\" decoding=\"async\" src=\"http:\/\/momentosdenatureza.web.ua.pt\/wp-content\/uploads\/2018\/05\/Imgp2028.30x45-300x200.jpg\" alt=\"\" width=\"300\" height=\"200\" class=\"alignnone size-medium wp-image-1234\" srcset=\"https:\/\/momentosdenatureza.web.ua.pt\/wp-content\/uploads\/2018\/05\/Imgp2028.30x45-300x200.jpg 300w, https:\/\/momentosdenatureza.web.ua.pt\/wp-content\/uploads\/2018\/05\/Imgp2028.30x45-768x512.jpg 768w, https:\/\/momentosdenatureza.web.ua.pt\/wp-content\/uploads\/2018\/05\/Imgp2028.30x45-1024x683.jpg 1024w, https:\/\/momentosdenatureza.web.ua.pt\/wp-content\/uploads\/2018\/05\/Imgp2028.30x45-405x270.jpg 405w\" sizes=\"auto, (max-width: 300px) 100vw, 300px\" \/><figcaption id=\"caption-attachment-1129\" class=\"wp-caption-text\"><br \/>\nS. Marcos, Albergaria-a-Velha<br \/>1\/125 seg. a f16 \u2013 Iso 200<br \/>Pentax *ist DL<br \/>Pentax 100 mm<br \/>c\/flash<br \/>JUN 2006<\/figcaption><\/figure><br \/>\n<\/a><\/p>\n","protected":false},"excerpt":{"rendered":"<p>Apesar de ser \u201cparente\u201d, existem seis vezes mais esp\u00e9cies de tra\u00e7as em compara\u00e7\u00e3o a borboletas. Uma das caracter\u00edsticas para distinguir as tra\u00e7as das borboletas \u00e9, [&#8230;]<\/p>\n","protected":false},"author":3,"featured_media":0,"parent":0,"menu_order":0,"comment_status":"closed","ping_status":"closed","template":"","meta":{"footnotes":""},"class_list":["post-1285","page","type-page","status-publish","hentry"],"post_mailing_queue_ids":[],"_links":{"self":[{"href":"https:\/\/momentosdenatureza.web.ua.pt\/index.php\/wp-json\/wp\/v2\/pages\/1285","targetHints":{"allow":["GET"]}}],"collection":[{"href":"https:\/\/momentosdenatureza.web.ua.pt\/index.php\/wp-json\/wp\/v2\/pages"}],"about":[{"href":"https:\/\/momentosdenatureza.web.ua.pt\/index.php\/wp-json\/wp\/v2\/types\/page"}],"author":[{"embeddable":true,"href":"https:\/\/momentosdenatureza.web.ua.pt\/index.php\/wp-json\/wp\/v2\/users\/3"}],"replies":[{"embeddable":true,"href":"https:\/\/momentosdenatureza.web.ua.pt\/index.php\/wp-json\/wp\/v2\/comments?post=1285"}],"version-history":[{"count":6,"href":"https:\/\/momentosdenatureza.web.ua.pt\/index.php\/wp-json\/wp\/v2\/pages\/1285\/revisions"}],"predecessor-version":[{"id":1414,"href":"https:\/\/momentosdenatureza.web.ua.pt\/index.php\/wp-json\/wp\/v2\/pages\/1285\/revisions\/1414"}],"wp:attachment":[{"href":"https:\/\/momentosdenatureza.web.ua.pt\/index.php\/wp-json\/wp\/v2\/media?parent=1285"}],"curies":[{"name":"wp","href":"https:\/\/api.w.org\/{rel}","templated":true}]}}