{"id":2194,"date":"2019-10-20T08:49:17","date_gmt":"2019-10-20T08:49:17","guid":{"rendered":"http:\/\/momentosdenatureza.web.ua.pt\/?page_id=2194"},"modified":"2019-10-20T09:02:39","modified_gmt":"2019-10-20T09:02:39","slug":"ii-mostra-fotografica","status":"publish","type":"page","link":"https:\/\/momentosdenatureza.web.ua.pt\/index.php\/mostra-fotografica-2\/ii-mostra-fotografica\/","title":{"rendered":"NORMAS de PARTICIPA\u00c7\u00c3O"},"content":{"rendered":"<p><strong>II Mostra Fotogr\u00e1fica da Universidade de Aveiro<br \/>\n<\/strong><\/p>\n<p><em>Tema:<\/em> <strong>Biodiversidade e natureza<\/strong><br \/>\n<em>Quem pode participar:<\/em> todos os fot\u00f3grafos profissionais e amadores, nacionais e estrangeiros que tenham <strong>qualquer v\u00ednculo \u00e0 Universidade de Aveiro<\/strong>.<br \/>\n<em>Custos de participa\u00e7\u00e3o:<\/em> <strong>Gratuita<\/strong><br \/>\n<em>Data limite de entrega dos trabalhos:<\/em> <strong>22 de novembro de 2019<\/strong><br \/>\n<em>Local de entrega dos trabalhos:<\/em> <strong>balc\u00e3o do piso Geral da Biblioteca da UA<\/strong><br \/>\n<em>Trabalhos fotogr\u00e1ficos a submeter:<\/em> <strong>1 a 3 trabalhos fotogr\u00e1ficos<\/strong><br \/>\n<em>Dimens\u00f5es das fotografias:<\/em> <strong>20x30cm em papel de fotografia<\/strong><\/p>\n<p><em>Nota: Se tiver alguma d\u00favida contacte-nos por <a href=\"mailto:momentosdenatureza@gmail.com?Subject=Mostra Fotogr\u00e1fica\" target=\"_top\">email<\/a><\/em><\/p>\n<p>Consulte as normas de participa\u00e7\u00e3o:<br \/>\n<a href=\"http:\/\/momentosdenatureza.web.ua.pt\/index.php\/normas-de-participacao\/\">II Mostra Fotogr\u00e1fica da Universidade de Aveiro<\/a><\/p>\n","protected":false},"excerpt":{"rendered":"<p>II Mostra Fotogr\u00e1fica da Universidade de Aveiro Tema: Biodiversidade e natureza Quem pode participar: todos os fot\u00f3grafos profissionais e amadores, nacionais e estrangeiros que tenham [&#8230;]<\/p>\n","protected":false},"author":3,"featured_media":0,"parent":267,"menu_order":0,"comment_status":"closed","ping_status":"closed","template":"","meta":{"footnotes":""},"class_list":["post-2194","page","type-page","status-publish","hentry"],"post_mailing_queue_ids":[],"_links":{"self":[{"href":"https:\/\/momentosdenatureza.web.ua.pt\/index.php\/wp-json\/wp\/v2\/pages\/2194","targetHints":{"allow":["GET"]}}],"collection":[{"href":"https:\/\/momentosdenatureza.web.ua.pt\/index.php\/wp-json\/wp\/v2\/pages"}],"about":[{"href":"https:\/\/momentosdenatureza.web.ua.pt\/index.php\/wp-json\/wp\/v2\/types\/page"}],"author":[{"embeddable":true,"href":"https:\/\/momentosdenatureza.web.ua.pt\/index.php\/wp-json\/wp\/v2\/users\/3"}],"replies":[{"embeddable":true,"href":"https:\/\/momentosdenatureza.web.ua.pt\/index.php\/wp-json\/wp\/v2\/comments?post=2194"}],"version-history":[{"count":5,"href":"https:\/\/momentosdenatureza.web.ua.pt\/index.php\/wp-json\/wp\/v2\/pages\/2194\/revisions"}],"predecessor-version":[{"id":2218,"href":"https:\/\/momentosdenatureza.web.ua.pt\/index.php\/wp-json\/wp\/v2\/pages\/2194\/revisions\/2218"}],"up":[{"embeddable":true,"href":"https:\/\/momentosdenatureza.web.ua.pt\/index.php\/wp-json\/wp\/v2\/pages\/267"}],"wp:attachment":[{"href":"https:\/\/momentosdenatureza.web.ua.pt\/index.php\/wp-json\/wp\/v2\/media?parent=2194"}],"curies":[{"name":"wp","href":"https:\/\/api.w.org\/{rel}","templated":true}]}}