{"id":3733,"date":"2020-12-11T10:40:05","date_gmt":"2020-12-11T10:40:05","guid":{"rendered":"http:\/\/momentosdenatureza.web.ua.pt\/?page_id=3733"},"modified":"2025-07-15T21:21:07","modified_gmt":"2025-07-15T21:21:07","slug":"historia-do-grupo","status":"publish","type":"page","link":"https:\/\/momentosdenatureza.web.ua.pt\/index.php\/historia-do-grupo\/","title":{"rendered":"Momentos de Natureza"},"content":{"rendered":"<p><strong>Hist\u00f3ria do Grupo \u201cMomentos de Natureza\u201d<\/strong><\/p>\n<p>O grupo \u201cMomentos de Natureza\u201d teve in\u00edcio em 2007, a partir de encontros informais entre colaboradores da Universidade de Aveiro, que se reuniam para sess\u00f5es fotogr\u00e1ficas nas primeiras horas da manh\u00e3, antes do in\u00edcio do expediente. Entre os fundadores contavam-se Pedro Prata, Ant\u00f3nio Vieira e Aldiro Pereira, aos quais se juntaram outros colegas, totalizando cerca de uma dezena de participantes. As sa\u00eddas decorriam em locais pr\u00f3ximos, como a Ria de Aveiro e a Pateira de Fermentelos, aproveitando o tempo limitado dispon\u00edvel antes do trabalho.<br \/>\nCom o passar do tempo, o grupo reduziu-se a cinco membros \u2014 Aldiro Pereira, Ant\u00f3nio Vieira, Pedro G. Prata, Jo\u00e3o Quintela e H\u00e9lder Bernardo \u2014 mas o entusiasmo manteve-se inabal\u00e1vel. Surgiram tamb\u00e9m os chamados \u201cdias fotogr\u00e1ficos\u201d aos fins-de-semana, com um enfoque especial na macrofotografia, sobretudo na Serra da Boa Viagem.<br \/>\nEm 2017, Aldiro Pereira lan\u00e7ou o desafio a Ant\u00f3nio Vieira de organizar uma exposi\u00e7\u00e3o fotogr\u00e1fica. Dessa ideia nasceu a primeira exposi\u00e7\u00e3o coletiva \u201cMomentos de Natureza\u201d, realizada na Biblioteca da Universidade de Aveiro.<br \/>\nA exposi\u00e7\u00e3o revelou-se um sucesso, n\u00e3o apenas pelo n\u00famero de visitantes, mas sobretudo pelos contactos informais que promoveu entre os fot\u00f3grafos e a restante comunidade acad\u00e9mica. Ficou claro que na comunidade da UA existe um vasto n\u00famero de pessoas para quem a fotografia \u00e9 mais do que um passatempo. Numa entrevista concedida \u00e0 R\u00e1dio Terranova em junho de 2017, H\u00e9lder Bernardo, em representa\u00e7\u00e3o do grupo, afirmou que esta exposi\u00e7\u00e3o poderia constituir o ponto de partida para um movimento mais abrangente.<br \/>\nEm 2018, o grupo foi oficialmente criado, juntamente com uma plataforma online.<br \/>\nDesde ent\u00e3o, sucederam-se novas exposi\u00e7\u00f5es, bem como diversas \u201cMostras Fotogr\u00e1ficas\u201d \u2014 uma esp\u00e9cie de concurso de fotografia aberto a toda a comunidade acad\u00e9mica da Universidade de Aveiro \u2014, sess\u00f5es \u201cConversas com&#8230;\u201d (tert\u00falias tem\u00e1ticas com fot\u00f3grafos convidados para partilhar as suas experi\u00eancias), e v\u00e1rios workshops dedicados \u00e0 fotografia.<br \/>\nAo longo dos anos, o grupo consolidou-se como uma refer\u00eancia cultural dentro da Universidade, promovendo o conv\u00edvio, o talento fotogr\u00e1fico e, acima de tudo, a sensibiliza\u00e7\u00e3o para a beleza e import\u00e2ncia da natureza.<\/p>\n<hr>\n<p><strong>Exposi\u00e7\u00f5es Coletivas<\/strong><br \/>\n<a href=\"https:\/\/momentosdenatureza.web.ua.pt\/index.php\/exposicoes\/momentos-de-natureza-2017\/\" ><br \/>\n<img decoding=\"async\" src=\"http:\/\/momentosdenatureza.web.ua.pt\/wp-content\/uploads\/2018\/07\/mn - cartaz.png\" alt=\"\" width=\"100\"  style=\"vertical-align:middle;margin:0px 50px\" \/><br \/>\n<\/a><br \/>\n2017 \u2013 \u201cmomentos de natureza\u201d<br \/>\nFot\u00f3grafos: Aldiro Pereira, Ant\u00f3nio Vieira, Jo\u00e3o Quintela, Helder Bernardo e Pedro G, Prata<br \/>\nLocal: Sala de exposi\u00e7\u00f5es H\u00e9l\u00e8ne de Beauvoir no edif\u00edcio da Biblioteca da Universidade de Aveiro<\/p>\n<p><a href=\"https:\/\/momentosdenatureza.web.ua.pt\/index.php\/exposicoes\/momentos-de-natureza-2018\/\" ><br \/>\n<img decoding=\"async\" src=\"http:\/\/momentosdenatureza.web.ua.pt\/wp-content\/uploads\/2018\/08\/mn2018_2.png\" alt=\"\" width=\"100\" style=\"vertical-align:middle;margin:0px 50px\" \/><br \/>\n<\/a><br \/>\n2018 \u2013 \u201cmomentos de natureza 2018\u201d<br \/>\nFot\u00f3grafos: Aldiro Pereira, Ant\u00f3nio Vieira, Jo\u00e3o Quintela, Helder Bernardo e L\u00edsia Lopes (fot\u00f3grafo convidado)<br \/>\nLocal: Sala de exposi\u00e7\u00f5es H\u00e9l\u00e8ne de Beauvoir no edif\u00edcio da Biblioteca da Universidade de Aveiro<\/p>\n<p><a href=\"https:\/\/momentosdenatureza.web.ua.pt\/index.php\/exposicoes\/momentos-de-natureza-2019\/\" ><br \/>\n<img decoding=\"async\" src=\"http:\/\/momentosdenatureza.web.ua.pt\/wp-content\/uploads\/2019\/11\/momentos-de-natureza---cartaz-exposi\u00e7\u00e3o-2019.jpg\" alt=\"\" width=\"100\" style=\"vertical-align:middle;margin:0px 50px\" \/><br \/>\n<\/a><br \/>\n2019 \u2013 \u201cmomentos de natureza 2019\u201d<br \/>\nFot\u00f3grafos: Aldiro Pereira, Ant\u00f3nio Vieira, Jo\u00e3o Quintela, Helder Bernardo, Pedro G. Prata e Paulo Jorge Ferreira (fot\u00f3grafo convidado)<br \/>\nLocal: Sala de exposi\u00e7\u00f5es H\u00e9l\u00e8ne de Beauvoir no edif\u00edcio da Biblioteca da Universidade de Aveiro<\/p>\n<p><a href=\"https:\/\/momentosdenatureza.web.ua.pt\/index.php\/bio-momentos-2020\/\" ><br \/>\n<img decoding=\"async\" src=\"http:\/\/momentosdenatureza.web.ua.pt\/wp-content\/uploads\/2020\/01\/bio-momentos.png\" alt=\"\" width=\"150\" style=\"vertical-align:middle;margin:0px 50px\" \/><br \/>\n<\/a><br \/>\n2020 \u2013 \u201cBio Momentos\u201d<br \/>\nFot\u00f3grafos: Aldiro Pereira, Ant\u00f3nio Vieira, Jo\u00e3o Quintela, Helder Bernardo, Pedro G. Prata e Paulo Jorge Ferreira e L\u00edsia Lopes (fot\u00f3grafos convidados)<br \/>\nLocal: Nicho exposit\u00f3rio do Departamento de Biologia<\/p>\n<p><a href=\"https:\/\/momentosdenatureza.web.ua.pt\/index.php\/exposicoes\/momentos-de-natureza-2020\/\" ><br \/>\n<img decoding=\"async\" src=\"http:\/\/momentosdenatureza.web.ua.pt\/wp-content\/uploads\/2020\/12\/MdeN_cartaz_2020_3.jpg\" alt=\"\" width=\"100\" style=\"vertical-align:middle;margin:0px 50px\" \/><br \/>\n<\/a><br \/>\n2020 \u2013 \u201cmomentos de natureza 2020\u201d<br \/>\nFot\u00f3grafos: Aldiro Pereira, Ant\u00f3nio Vieira, Jo\u00e3o Quintela, Pedro G. Prata e Helder Caixinha (fot\u00f3grafo convidado)<br \/>\nLocal: Sala de exposi\u00e7\u00f5es H\u00e9l\u00e8ne de Beauvoir no edif\u00edcio da Biblioteca da Universidade de Aveiro<\/p>\n<p><a href=\"https:\/\/momentosdenatureza.web.ua.pt\/index.php\/momentos-de-natureza-2022\/\" ><br \/>\n<img decoding=\"async\" src=\"http:\/\/momentosdenatureza.web.ua.pt\/wp-content\/uploads\/2022\/03\/cartaz-mdn2022.jpg\" alt=\"\" width=\"100\" style=\"vertical-align:middle;margin:0px 50px\" \/><br \/>\n<\/a><br \/>\n2022 \u2013 \u201cmomentos de natureza 2022\u201d<br \/>\nFot\u00f3grafos: Aldiro Pereira, Ant\u00f3nio Vieira, Jo\u00e3o Quintela, Pedro G. Prata e Helder Caixinha (fot\u00f3grafo convidado)<br \/>\nLocal: Sala de exposi\u00e7\u00f5es H\u00e9l\u00e8ne de Beauvoir no edif\u00edcio da Biblioteca da Universidade de Aveiro<\/p>\n<p><a href=\"https:\/\/momentosdenatureza.web.ua.pt\/index.php\/bio-cliques-2022\/\" ><br \/>\n<img decoding=\"async\" src=\"https:\/\/momentosdenatureza.web.ua.pt\/wp-content\/uploads\/2022\/05\/placard-MN-Dbio-2023.ecran1_.jpg\" alt=\"\" width=\"150\" style=\"vertical-align:middle;margin:0px 50px\" \/><br \/>\n<\/a><br \/>\n2022 &#8211; \u201cBio Cliques\u201d<br \/>\nFot\u00f3grafos: Aldiro Pereira, Ant\u00f3nio Vieira, Jo\u00e3o Quintela, Pedro G. Prata e Helder Caixinha (fotografo convidado)<br \/>\nLocal: Nicho exposit\u00f3rio do Departamento de Biologia<\/p>\n<p><a href=\"https:\/\/momentosdenatureza.web.ua.pt\/index.php\/bio-imagens-2023\/\" ><br \/>\n<img decoding=\"async\" src=\"https:\/\/momentosdenatureza.web.ua.pt\/wp-content\/uploads\/2023\/05\/Imagem1-1.jpg\" alt=\"\" width=\"150\" style=\"vertical-align:middle;margin:0px 50px\" \/><br \/>\n<\/a><br \/>\n2023 &#8211; \u201cBIO IMAGENS\u201d<br \/>\nFot\u00f3grafos: Aldiro Pereira, Ant\u00f3nio Vieira, Jo\u00e3o Quintela e Pedro G. Prata<br \/>\nLocal: Nicho exposit\u00f3rio do Departamento de Biologia<\/p>\n<p><a href=\"https:\/\/momentosdenatureza.web.ua.pt\/wp-content\/uploads\/2024\/01\/20240115 - Exposi\u00e7\u00e3o Itinerante - Biodiversidade - v2.jpg\" ><img decoding=\"async\" src=\"https:\/\/momentosdenatureza.web.ua.pt\/wp-content\/uploads\/2024\/01\/20240115 - Exposi\u00e7\u00e3o Itinerante - Biodiversidade - v2.jpg\" alt=\"\" width=\"150\" style=\"vertical-align:middle;margin:0px 50px\" \/><br \/>\n<\/a><br \/>\n2024 &#8211; \u201cBIODIVERSIDADE \u2013 Olhares que falam\u201d<br \/>\nFot\u00f3grafos: Aldiro Pereira, Ant\u00f3nio Vieira<br \/>\nLocal: Nicho exposit\u00f3rio do Departamento de Biologia<br \/>\n(esta exposi\u00e7\u00e3o passou a ser itinerante, percorrendo diversas escolas e centros culturais e interpretativos da regi\u00e3o)<\/p>\n<p><a href=\"https:\/\/momentosdenatureza.web.ua.pt\/wp-content\/uploads\/2025\/03\/resizer-2-1200x600.jpg\" ><br \/>\n<img decoding=\"async\" src=\"https:\/\/momentosdenatureza.web.ua.pt\/wp-content\/uploads\/2025\/03\/resizer-2-1200x600.jpg\" alt=\"\" width=\"150\" style=\"vertical-align:middle;margin:0px 50px\" \/><br \/>\n<\/a><br \/>\n2024 \u2013 \u201cum mundo colorido de aranhas\u201d<br \/>\nFot\u00f3grafos: Aldiro Pereira, Ant\u00f3nio Vieira<br \/>\nLocal: Nicho exposit\u00f3rio do Departamento de Biologia<\/p>\n<p><a href=\"\" ><br \/>\n<img decoding=\"async\" src=\"https:\/\/momentosdenatureza.web.ua.pt\/wp-content\/uploads\/2025\/07\/cartaz-v.006-2025-facebook-1443x600.jpg\" alt=\"\" width=\"150\" style=\"vertical-align:middle;margin:0px 50px\" \/><br \/>\n<\/a><br \/>\n2025 \u2013 \u201cmomentos de natureza 2025\u201d<br \/>\nFot\u00f3grafos: Aldiro Pereira, Ant\u00f3nio Vieira, Jo\u00e3o Quintela, Helder Bernardo<br \/>\nLocal: Sala de exposi\u00e7\u00f5es H\u00e9l\u00e8ne de Beauvoir no edif\u00edcio da Biblioteca da Universidade de Aveiro<\/p>\n<hr>\n<p><strong>Mostras Fotogr\u00e1ficas<\/strong><br \/>\n<a href=\"https:\/\/momentosdenatureza.web.ua.pt\/index.php\/mostra-fotografica-2\/mostra-fotografica\/\" ><br \/>\n<img decoding=\"async\" src=\"https:\/\/momentosdenatureza.web.ua.pt\/wp-content\/uploads\/2018\/05\/1-mostra.jpg\" alt=\"\" width=\"100\" style=\"vertical-align:middle;margin:0px 50px\" \/><br \/>\n<\/a><br \/>\n2018 &#8211; \u201cI Mostra Fotogr\u00e1fica da Universidade de Aveiro\u201d<br \/>\nFotografias enviadas: 37<br \/>\nFotografias selecionadas: 29 de 14 fot\u00f3grafos diferentes<br \/>\nDistin\u00e7\u00e3o: certificado<\/p>\n<p><a href=\"https:\/\/momentosdenatureza.web.ua.pt\/index.php\/mostra-fotografica-2\/ii-mostra-fotografica\/\" ><br \/>\n<img decoding=\"async\" src=\"https:\/\/momentosdenatureza.web.ua.pt\/wp-content\/uploads\/2019\/11\/momentos-de-natureza---concurso.jpg\" alt=\"\" width=\"150\" style=\"vertical-align:middle;margin:0px 50px\" \/><br \/>\n<\/a><br \/>\n2019 &#8211; \u201cII Mostra Fotogr\u00e1fica da Universidade de Aveiro\u201d<br \/>\nFotografias enviadas: 98<br \/>\nFotografias selecionadas: 70<br \/>\nDistin\u00e7\u00e3o: certificado<\/p>\n<hr>\n<p><strong>Conversas com \u2026<\/strong><br \/>\n<a href=\"https:\/\/momentosdenatureza.web.ua.pt\/index.php\/conversas-com-to-vieira\/\" ><br \/>\n<img decoding=\"async\" src=\"https:\/\/momentosdenatureza.web.ua.pt\/wp-content\/uploads\/2019\/11\/cartaz-conversas-com-v2.jpg\" alt=\"\" width=\"100\" style=\"vertical-align:middle;margin:0px 50px\" \/><br \/>\n<\/a><br \/>\n2019 &#8211; T\u00f3 Vieira (Os encantos escondidos do Vouga \u2013 rios de montanha)<\/p>\n<p><a href=\"https:\/\/momentosdenatureza.web.ua.pt\/index.php\/conversas-com-helder-bernardo\/\" ><br \/>\n<img decoding=\"async\" src=\"https:\/\/momentosdenatureza.web.ua.pt\/wp-content\/uploads\/2019\/11\/cartaz-conversas-com-H%C3%A9lder.jpg\" alt=\"\" width=\"100\" style=\"vertical-align:middle;margin:0px 50px\" \/><br \/>\n<\/a><br \/>\n2019 &#8211; H\u00e9lder Bernardo (Drones \u2013 a descoberta da fotografia a\u00e9rea)<\/p>\n<p><a href=\"https:\/\/momentosdenatureza.web.ua.pt\/wp-content\/uploads\/2019\/12\/cartaz-conversas-com-alvaro-roxo-web-724x1024.jpg\" ><br \/>\n<img decoding=\"async\" src=\"https:\/\/momentosdenatureza.web.ua.pt\/wp-content\/uploads\/2019\/12\/cartaz-conversas-com-alvaro-roxo-web-724x1024.jpg\" alt=\"\" width=\"100\" style=\"vertical-align:middle;margin:0px 50px\" \/><br \/>\n<\/a><br \/>\n2019 &#8211; \u00c1lvaro Roxo (Paisagem \u2013 interpretar a 3 dimens\u00f5es)<\/p>\n<p><a href=\"https:\/\/momentosdenatureza.web.ua.pt\/index.php\/conversas-com-joao-quintela\/\" ><br \/>\n<img decoding=\"async\" src=\"https:\/\/momentosdenatureza.web.ua.pt\/wp-content\/uploads\/2019\/12\/cartaz-conversas-com-joa%CC%83o-quintela-v2-1-768x618.jpg\" alt=\"\" width=\"100\" style=\"vertical-align:middle;margin:0px 50px\" \/><br \/>\n<\/a><br \/>\n2019 &#8211; Jo\u00e3o Quintela (Paisagem; para l\u00e1 de Grandes Vistas, Sunset e linha de costa)<\/p>\n<p><a href=\"https:\/\/momentosdenatureza.web.ua.pt\/wp-content\/uploads\/2021\/11\/Cartaz-AC_Conversas-com_30-nov_reduced-scaled.jpg\" ><img decoding=\"async\" src=\"https:\/\/momentosdenatureza.web.ua.pt\/wp-content\/uploads\/2021\/11\/Cartaz-AC_Conversas-com_30-nov_reduced-scaled.jpg\" alt=\"\" width=\"100\" style=\"vertical-align:middle;margin:0px 50px\" \/><br \/>\n<\/a><br \/>\n2021 &#8211; Evandro Martin e Edemar Miqueta (MARANH\u00c3O PROFUNDO)<\/p>\n<hr>\n<p><strong>Workshops<\/strong><br \/>\n<a href=\"https:\/\/momentosdenatureza.web.ua.pt\/index.php\/fotografia-de-natureza-conceitos-basicos-sobre-tecnicas-e-estilos\/\" ><br \/>\n<img decoding=\"async\" src=\"https:\/\/momentosdenatureza.web.ua.pt\/wp-content\/uploads\/2021\/03\/1_1_Cartaz_Workshop-fotog_png-724x1024.png\" alt=\"\" width=\"100\" style=\"vertical-align:middle;margin:0px 50px\" \/><br \/>\n<\/a><br \/>\n2021 &#8211; Fotografia de Natureza \u2013 conceitos b\u00e1sicos sobre t\u00e9cnicas e estilos (na plataforma Zoom e contou com a presen\u00e7a de mais de 300 participantes)<br \/>\nComo conseguir uma fotografia correta &#8211; Jo\u00e3o Quintela<br \/>\nImpressionismo \u2013 Ant\u00f3nio Vieira<\/p>\n<p><a href=\"https:\/\/momentosdenatureza.web.ua.pt\/index.php\/workshop-fotografia-de-natureza-2022\/\" ><br \/>\n<img decoding=\"async\" src=\"https:\/\/momentosdenatureza.web.ua.pt\/wp-content\/uploads\/2022\/03\/Banner-MDN-2022-768x384.png\" alt=\"\" width=\"150\" style=\"vertical-align:middle;margin:0px 50px\" \/><br \/>\n<\/a><br \/>\n2022 &#8211; \u201cFotografia de Natureza\u201d (na plataforma Zoom e contou com a presen\u00e7a de mais de 200 participantes)<br \/>\n&#8211; Fotografia dos pequenos detalhes (macro) &#8211; Ant\u00f3nio Vieira<br \/>\n&#8211; Introdu\u00e7\u00e3o aos diversos tipos de DSLR, lentes e acess\u00f3rios \u2013 Jo\u00e3o Quintela<\/p>\n","protected":false},"excerpt":{"rendered":"<p>Hist\u00f3ria do Grupo \u201cMomentos de Natureza\u201d O grupo \u201cMomentos de Natureza\u201d teve in\u00edcio em 2007, a partir de encontros informais entre colaboradores da Universidade de [&#8230;]<\/p>\n","protected":false},"author":3,"featured_media":0,"parent":0,"menu_order":0,"comment_status":"closed","ping_status":"closed","template":"templates\/template-fullwidth.php","meta":{"footnotes":""},"class_list":["post-3733","page","type-page","status-publish","hentry"],"post_mailing_queue_ids":[],"_links":{"self":[{"href":"https:\/\/momentosdenatureza.web.ua.pt\/index.php\/wp-json\/wp\/v2\/pages\/3733","targetHints":{"allow":["GET"]}}],"collection":[{"href":"https:\/\/momentosdenatureza.web.ua.pt\/index.php\/wp-json\/wp\/v2\/pages"}],"about":[{"href":"https:\/\/momentosdenatureza.web.ua.pt\/index.php\/wp-json\/wp\/v2\/types\/page"}],"author":[{"embeddable":true,"href":"https:\/\/momentosdenatureza.web.ua.pt\/index.php\/wp-json\/wp\/v2\/users\/3"}],"replies":[{"embeddable":true,"href":"https:\/\/momentosdenatureza.web.ua.pt\/index.php\/wp-json\/wp\/v2\/comments?post=3733"}],"version-history":[{"count":58,"href":"https:\/\/momentosdenatureza.web.ua.pt\/index.php\/wp-json\/wp\/v2\/pages\/3733\/revisions"}],"predecessor-version":[{"id":6455,"href":"https:\/\/momentosdenatureza.web.ua.pt\/index.php\/wp-json\/wp\/v2\/pages\/3733\/revisions\/6455"}],"wp:attachment":[{"href":"https:\/\/momentosdenatureza.web.ua.pt\/index.php\/wp-json\/wp\/v2\/media?parent=3733"}],"curies":[{"name":"wp","href":"https:\/\/api.w.org\/{rel}","templated":true}]}}