{"id":3853,"date":"2020-12-12T01:11:22","date_gmt":"2020-12-12T01:11:22","guid":{"rendered":"http:\/\/momentosdenatureza.web.ua.pt\/?page_id=3853"},"modified":"2020-12-26T18:59:06","modified_gmt":"2020-12-26T18:59:06","slug":"joao-quintela-2020","status":"publish","type":"page","link":"https:\/\/momentosdenatureza.web.ua.pt\/index.php\/joao-quintela-2020\/","title":{"rendered":"Jo\u00e3o Quintela 2020"},"content":{"rendered":"<p><b>Jo\u00e3o Quintela<\/b><br \/>\nNasci em Lisboa em mar\u00e7o de 1969.<br \/>\nDesde muito novo me interessei pela fotografia, com especial incid\u00eancia na Fotografia de Natureza.<br \/>\nFrequentei a escola AR. CO em 1994\/5 onde frequentei o Curso de Fotografia \u2013 apenas terminei a fase de inicia\u00e7\u00e3o.<br \/>\nDesde h\u00e1 bastante tempo que me tenho dedicado em exclusivo \u00e0 fotografia de paisagem, quer na sua vertente \u201ctradicional\u201d, ampla, quer numa vis\u00e3o mais minimalista, intimista.<\/p>\n<p><a href=\"http:\/\/www.facebook.com\/joaoquintelafotografia\" target=\"_blanc\" rel=\"noopener\">www.facebook.com\/joaoquintelafotografia <\/a><\/p>\n<p><a href=\"https:\/\/joaoquintela.wixsite.com\/fotografia\" target=\"_blanc\" rel=\"noopener\">https:\/\/joaoquintela.wixsite.com\/fotografia <\/a><\/p>\n<hr \/>\n<style type=\"text\/css\">\n#foogallery-gallery-3820 .fg-image { width: 150px; }\n#foogallery-gallery-3820 { --fg-gutter: 10px; }<\/style>\n\t\t\t<div class=\"foogallery foogallery-container foogallery-default foogallery-lightbox-foobox fg-center fg-default fg-ready fg-light fg-border-thin fg-shadow-outline fg-loading-default fg-loaded-fade-in fg-caption-hover fg-hover-fade fg-hover-zoom\" id=\"foogallery-gallery-3820\" data-foogallery=\"{&quot;item&quot;:{&quot;showCaptionTitle&quot;:true,&quot;showCaptionDescription&quot;:true},&quot;lazy&quot;:true}\" style=\"--fg-title-line-clamp: 0; --fg-description-line-clamp: 0;\" >\n\t<div class=\"fg-item fg-type-image fg-idle\"><figure class=\"fg-item-inner\"><a href=\"https:\/\/momentosdenatureza.web.ua.pt\/wp-content\/uploads\/2020\/12\/1-web1542x2048H100.jpg\" data-caption-title=\"N\u00e1ufragos\n|Pateira de Fermentelos\n|junho 2019\" data-caption-desc=\"|2020\u00a9 Jo\u00e3o Quintela\n|www.joaoquintela.wixsite\/fotografia\" data-attachment-id=\"3826\" data-type=\"image\" class=\"fg-thumb\"><span class=\"fg-image-wrap\"><img decoding=\"async\" title=\"N\u00e1ufragos\n|Pateira de Fermentelos\n|junho 2019\" width=\"150\" height=\"150\" class=\"skip-lazy fg-image\" data-src-fg=\"https:\/\/momentosdenatureza.web.ua.pt\/wp-content\/uploads\/cache\/2020\/12\/1-web1542x2048H100\/2057572894.jpg\" src=\"data:image\/svg+xml,%3Csvg%20xmlns%3D%22http%3A%2F%2Fwww.w3.org%2F2000%2Fsvg%22%20width%3D%22150%22%20height%3D%22150%22%20viewBox%3D%220%200%20150%20150%22%3E%3C%2Fsvg%3E\" loading=\"eager\"><\/span><span class=\"fg-image-overlay\"><\/span><\/a><figcaption class=\"fg-caption\"><div class=\"fg-caption-inner\"><div class=\"fg-caption-title\">N\u00e1ufragos\n|Pateira de Fermentelos\n|junho 2019<\/div><div class=\"fg-caption-desc\">|2020\u00a9 Jo\u00e3o Quintela\n|www.joaoquintela.wixsite\/fotografia<\/div><\/div><\/figcaption><\/figure><div class=\"fg-loader\"><\/div><\/div><div class=\"fg-item fg-type-image fg-idle\"><figure class=\"fg-item-inner\"><a href=\"https:\/\/momentosdenatureza.web.ua.pt\/wp-content\/uploads\/2020\/12\/2-web2048x1536H100.jpg\" data-caption-title=\"Estranha caligrafia\n|Pateira de Fermentelos\n|novembro 2019\" data-caption-desc=\"|2020\u00a9 Jo\u00e3o Quintela\n|www.joaoquintela.wixsite\/fotografia\" data-attachment-id=\"3829\" data-type=\"image\" class=\"fg-thumb\"><span class=\"fg-image-wrap\"><img decoding=\"async\" title=\"Estranha caligrafia\n|Pateira de Fermentelos\n|novembro 2019\" width=\"150\" height=\"150\" class=\"skip-lazy fg-image\" data-src-fg=\"https:\/\/momentosdenatureza.web.ua.pt\/wp-content\/uploads\/cache\/2020\/12\/2-web2048x1536H100\/3679731879.jpg\" src=\"data:image\/svg+xml,%3Csvg%20xmlns%3D%22http%3A%2F%2Fwww.w3.org%2F2000%2Fsvg%22%20width%3D%22150%22%20height%3D%22150%22%20viewBox%3D%220%200%20150%20150%22%3E%3C%2Fsvg%3E\" loading=\"eager\"><\/span><span class=\"fg-image-overlay\"><\/span><\/a><figcaption class=\"fg-caption\"><div class=\"fg-caption-inner\"><div class=\"fg-caption-title\">Estranha caligrafia\n|Pateira de Fermentelos\n|novembro 2019<\/div><div class=\"fg-caption-desc\">|2020\u00a9 Jo\u00e3o Quintela\n|www.joaoquintela.wixsite\/fotografia<\/div><\/div><\/figcaption><\/figure><div class=\"fg-loader\"><\/div><\/div><div class=\"fg-item fg-type-image fg-idle\"><figure class=\"fg-item-inner\"><a href=\"https:\/\/momentosdenatureza.web.ua.pt\/wp-content\/uploads\/2020\/12\/3-web2048x1542H100.jpg\" data-caption-title=\"Amanhecer\n|Vista da EN 235\n|janeiro 2020\" data-caption-desc=\"|2020\u00a9 Jo\u00e3o Quintela\n|www.joaoquintela.wixsite\/fotografia\" data-attachment-id=\"3832\" data-type=\"image\" class=\"fg-thumb\"><span class=\"fg-image-wrap\"><img decoding=\"async\" title=\"Amanhecer\n|Vista da EN 235\n|janeiro 2020\" width=\"150\" height=\"150\" class=\"skip-lazy fg-image\" data-src-fg=\"https:\/\/momentosdenatureza.web.ua.pt\/wp-content\/uploads\/cache\/2020\/12\/3-web2048x1542H100\/1426962830.jpg\" src=\"data:image\/svg+xml,%3Csvg%20xmlns%3D%22http%3A%2F%2Fwww.w3.org%2F2000%2Fsvg%22%20width%3D%22150%22%20height%3D%22150%22%20viewBox%3D%220%200%20150%20150%22%3E%3C%2Fsvg%3E\" loading=\"eager\"><\/span><span class=\"fg-image-overlay\"><\/span><\/a><figcaption class=\"fg-caption\"><div class=\"fg-caption-inner\"><div class=\"fg-caption-title\">Amanhecer\n|Vista da EN 235\n|janeiro 2020<\/div><div class=\"fg-caption-desc\">|2020\u00a9 Jo\u00e3o Quintela\n|www.joaoquintela.wixsite\/fotografia<\/div><\/div><\/figcaption><\/figure><div class=\"fg-loader\"><\/div><\/div><div class=\"fg-item fg-type-image fg-idle\"><figure class=\"fg-item-inner\"><a href=\"https:\/\/momentosdenatureza.web.ua.pt\/wp-content\/uploads\/2020\/12\/4-web2048x1542H100.jpg\" data-caption-title=\"Velhas amigas\n|Requeixo\n|abril 2020\" data-caption-desc=\"|2020\u00a9 Jo\u00e3o Quintela\n|www.joaoquintela.wixsite\/fotografia\" data-attachment-id=\"3835\" data-type=\"image\" class=\"fg-thumb\"><span class=\"fg-image-wrap\"><img decoding=\"async\" title=\"Velhas amigas\n|Requeixo\n|abril 2020\" width=\"150\" height=\"150\" class=\"skip-lazy fg-image\" data-src-fg=\"https:\/\/momentosdenatureza.web.ua.pt\/wp-content\/uploads\/cache\/2020\/12\/4-web2048x1542H100\/4015631802.jpg\" src=\"data:image\/svg+xml,%3Csvg%20xmlns%3D%22http%3A%2F%2Fwww.w3.org%2F2000%2Fsvg%22%20width%3D%22150%22%20height%3D%22150%22%20viewBox%3D%220%200%20150%20150%22%3E%3C%2Fsvg%3E\" loading=\"eager\"><\/span><span class=\"fg-image-overlay\"><\/span><\/a><figcaption class=\"fg-caption\"><div class=\"fg-caption-inner\"><div class=\"fg-caption-title\">Velhas amigas\n|Requeixo\n|abril 2020<\/div><div class=\"fg-caption-desc\">|2020\u00a9 Jo\u00e3o Quintela\n|www.joaoquintela.wixsite\/fotografia<\/div><\/div><\/figcaption><\/figure><div class=\"fg-loader\"><\/div><\/div><div class=\"fg-item fg-type-image fg-idle\"><figure class=\"fg-item-inner\"><a href=\"https:\/\/momentosdenatureza.web.ua.pt\/wp-content\/uploads\/2020\/12\/5-web2048x1542H100.jpg\" data-caption-title=\"Cabreia\n|Cabreia\/Silva Escura\n|maio 2020\" data-caption-desc=\"|2020\u00a9 Jo\u00e3o Quintela\n|www.joaoquintela.wixsite\/fotografia\" data-attachment-id=\"3838\" data-type=\"image\" class=\"fg-thumb\"><span class=\"fg-image-wrap\"><img decoding=\"async\" title=\"Cabreia\n|Cabreia\/Silva Escura\n|maio 2020\" width=\"150\" height=\"150\" class=\"skip-lazy fg-image\" data-src-fg=\"https:\/\/momentosdenatureza.web.ua.pt\/wp-content\/uploads\/cache\/2020\/12\/5-web2048x1542H100\/438494774.jpg\" src=\"data:image\/svg+xml,%3Csvg%20xmlns%3D%22http%3A%2F%2Fwww.w3.org%2F2000%2Fsvg%22%20width%3D%22150%22%20height%3D%22150%22%20viewBox%3D%220%200%20150%20150%22%3E%3C%2Fsvg%3E\" loading=\"eager\"><\/span><span class=\"fg-image-overlay\"><\/span><\/a><figcaption class=\"fg-caption\"><div class=\"fg-caption-inner\"><div class=\"fg-caption-title\">Cabreia\n|Cabreia\/Silva Escura\n|maio 2020<\/div><div class=\"fg-caption-desc\">|2020\u00a9 Jo\u00e3o Quintela\n|www.joaoquintela.wixsite\/fotografia<\/div><\/div><\/figcaption><\/figure><div class=\"fg-loader\"><\/div><\/div><div class=\"fg-item fg-type-image fg-idle\"><figure class=\"fg-item-inner\"><a href=\"https:\/\/momentosdenatureza.web.ua.pt\/wp-content\/uploads\/2020\/12\/6-web2048x1542H100.jpg\" data-caption-title=\"Flor de Sabugueiro\n|Cabreia\/Silva Escura\n|maio 2020\" data-caption-desc=\"|2020\u00a9 Jo\u00e3o Quintela\n|www.joaoquintela.wixsite\/fotografia\" data-attachment-id=\"3841\" data-type=\"image\" class=\"fg-thumb\"><span class=\"fg-image-wrap\"><img decoding=\"async\" title=\"Flor de Sabugueiro\n|Cabreia\/Silva Escura\n|maio 2020\" width=\"150\" height=\"150\" class=\"skip-lazy fg-image\" data-src-fg=\"https:\/\/momentosdenatureza.web.ua.pt\/wp-content\/uploads\/cache\/2020\/12\/6-web2048x1542H100\/1242542662.jpg\" src=\"data:image\/svg+xml,%3Csvg%20xmlns%3D%22http%3A%2F%2Fwww.w3.org%2F2000%2Fsvg%22%20width%3D%22150%22%20height%3D%22150%22%20viewBox%3D%220%200%20150%20150%22%3E%3C%2Fsvg%3E\" loading=\"eager\"><\/span><span class=\"fg-image-overlay\"><\/span><\/a><figcaption class=\"fg-caption\"><div class=\"fg-caption-inner\"><div class=\"fg-caption-title\">Flor de Sabugueiro\n|Cabreia\/Silva Escura\n|maio 2020<\/div><div class=\"fg-caption-desc\">|2020\u00a9 Jo\u00e3o Quintela\n|www.joaoquintela.wixsite\/fotografia<\/div><\/div><\/figcaption><\/figure><div class=\"fg-loader\"><\/div><\/div><div class=\"fg-item fg-type-image fg-idle\"><figure class=\"fg-item-inner\"><a href=\"https:\/\/momentosdenatureza.web.ua.pt\/wp-content\/uploads\/2020\/12\/8-web2048x1542H100.jpg\" data-caption-title=\"Rio F\u00edlveda\n|Ribeira de Fr\u00e1guas\n|junho 2020\" data-caption-desc=\"|2020\u00a9 Jo\u00e3o Quintela\n|www.joaoquintela.wixsite\/fotografia\" data-attachment-id=\"3844\" data-type=\"image\" class=\"fg-thumb\"><span class=\"fg-image-wrap\"><img decoding=\"async\" title=\"Rio F\u00edlveda\n|Ribeira de Fr\u00e1guas\n|junho 2020\" width=\"150\" height=\"150\" class=\"skip-lazy fg-image\" data-src-fg=\"https:\/\/momentosdenatureza.web.ua.pt\/wp-content\/uploads\/cache\/2020\/12\/8-web2048x1542H100\/530928856.jpg\" src=\"data:image\/svg+xml,%3Csvg%20xmlns%3D%22http%3A%2F%2Fwww.w3.org%2F2000%2Fsvg%22%20width%3D%22150%22%20height%3D%22150%22%20viewBox%3D%220%200%20150%20150%22%3E%3C%2Fsvg%3E\" loading=\"eager\"><\/span><span class=\"fg-image-overlay\"><\/span><\/a><figcaption class=\"fg-caption\"><div class=\"fg-caption-inner\"><div class=\"fg-caption-title\">Rio F\u00edlveda\n|Ribeira de Fr\u00e1guas\n|junho 2020<\/div><div class=\"fg-caption-desc\">|2020\u00a9 Jo\u00e3o Quintela\n|www.joaoquintela.wixsite\/fotografia<\/div><\/div><\/figcaption><\/figure><div class=\"fg-loader\"><\/div><\/div><div class=\"fg-item fg-type-image fg-idle\"><figure class=\"fg-item-inner\"><a href=\"https:\/\/momentosdenatureza.web.ua.pt\/wp-content\/uploads\/2020\/12\/9-web2048x1542H100.jpg\" data-caption-title=\"Via L\u00e1ctea, J\u00fapiter e Saturno\n|Praia do Palheir\u00e3o\n|julho 2020\" data-caption-desc=\"|2020\u00a9 Jo\u00e3o Quintela\n|www.joaoquintela.wixsite\/fotografia\" data-attachment-id=\"3847\" data-type=\"image\" class=\"fg-thumb\"><span class=\"fg-image-wrap\"><img decoding=\"async\" title=\"Via L\u00e1ctea, J\u00fapiter e Saturno\n|Praia do Palheir\u00e3o\n|julho 2020\" width=\"150\" height=\"150\" class=\"skip-lazy fg-image\" data-src-fg=\"https:\/\/momentosdenatureza.web.ua.pt\/wp-content\/uploads\/cache\/2020\/12\/9-web2048x1542H100\/47697516.jpg\" src=\"data:image\/svg+xml,%3Csvg%20xmlns%3D%22http%3A%2F%2Fwww.w3.org%2F2000%2Fsvg%22%20width%3D%22150%22%20height%3D%22150%22%20viewBox%3D%220%200%20150%20150%22%3E%3C%2Fsvg%3E\" loading=\"eager\"><\/span><span class=\"fg-image-overlay\"><\/span><\/a><figcaption class=\"fg-caption\"><div class=\"fg-caption-inner\"><div class=\"fg-caption-title\">Via L\u00e1ctea, J\u00fapiter e Saturno\n|Praia do Palheir\u00e3o\n|julho 2020<\/div><div class=\"fg-caption-desc\">|2020\u00a9 Jo\u00e3o Quintela\n|www.joaoquintela.wixsite\/fotografia<\/div><\/div><\/figcaption><\/figure><div class=\"fg-loader\"><\/div><\/div><div class=\"fg-item fg-type-image fg-idle\"><figure class=\"fg-item-inner\"><a href=\"https:\/\/momentosdenatureza.web.ua.pt\/wp-content\/uploads\/2020\/12\/10-web2048x1542H100.jpg\" data-caption-title=\"P\u00f4r do Sol na Praia de Porto Covo\n|Porto Covo\n|setembro 2020\" data-caption-desc=\"|2020\u00a9 Jo\u00e3o Quintela\n|www.joaoquintela.wixsite\/fotografia\" data-attachment-id=\"3850\" data-type=\"image\" class=\"fg-thumb\"><span class=\"fg-image-wrap\"><img decoding=\"async\" title=\"P\u00f4r do Sol na Praia de Porto Covo\n|Porto Covo\n|setembro 2020\" width=\"150\" height=\"150\" class=\"skip-lazy fg-image\" data-src-fg=\"https:\/\/momentosdenatureza.web.ua.pt\/wp-content\/uploads\/cache\/2020\/12\/10-web2048x1542H100\/3588738877.jpg\" src=\"data:image\/svg+xml,%3Csvg%20xmlns%3D%22http%3A%2F%2Fwww.w3.org%2F2000%2Fsvg%22%20width%3D%22150%22%20height%3D%22150%22%20viewBox%3D%220%200%20150%20150%22%3E%3C%2Fsvg%3E\" loading=\"eager\"><\/span><span class=\"fg-image-overlay\"><\/span><\/a><figcaption class=\"fg-caption\"><div class=\"fg-caption-inner\"><div class=\"fg-caption-title\">P\u00f4r do Sol na Praia de Porto Covo\n|Porto Covo\n|setembro 2020<\/div><div class=\"fg-caption-desc\">|2020\u00a9 Jo\u00e3o Quintela\n|www.joaoquintela.wixsite\/fotografia<\/div><\/div><\/figcaption><\/figure><div class=\"fg-loader\"><\/div><\/div><\/div>\n\n","protected":false},"excerpt":{"rendered":"<p>Jo\u00e3o Quintela Nasci em Lisboa em mar\u00e7o de 1969. Desde muito novo me interessei pela fotografia, com especial incid\u00eancia na Fotografia de Natureza. Frequentei a [&#8230;]<\/p>\n","protected":false},"author":3,"featured_media":0,"parent":0,"menu_order":0,"comment_status":"closed","ping_status":"closed","template":"templates\/template-fullwidth.php","meta":{"footnotes":""},"class_list":["post-3853","page","type-page","status-publish","hentry"],"post_mailing_queue_ids":[],"_links":{"self":[{"href":"https:\/\/momentosdenatureza.web.ua.pt\/index.php\/wp-json\/wp\/v2\/pages\/3853","targetHints":{"allow":["GET"]}}],"collection":[{"href":"https:\/\/momentosdenatureza.web.ua.pt\/index.php\/wp-json\/wp\/v2\/pages"}],"about":[{"href":"https:\/\/momentosdenatureza.web.ua.pt\/index.php\/wp-json\/wp\/v2\/types\/page"}],"author":[{"embeddable":true,"href":"https:\/\/momentosdenatureza.web.ua.pt\/index.php\/wp-json\/wp\/v2\/users\/3"}],"replies":[{"embeddable":true,"href":"https:\/\/momentosdenatureza.web.ua.pt\/index.php\/wp-json\/wp\/v2\/comments?post=3853"}],"version-history":[{"count":2,"href":"https:\/\/momentosdenatureza.web.ua.pt\/index.php\/wp-json\/wp\/v2\/pages\/3853\/revisions"}],"predecessor-version":[{"id":3945,"href":"https:\/\/momentosdenatureza.web.ua.pt\/index.php\/wp-json\/wp\/v2\/pages\/3853\/revisions\/3945"}],"wp:attachment":[{"href":"https:\/\/momentosdenatureza.web.ua.pt\/index.php\/wp-json\/wp\/v2\/media?parent=3853"}],"curies":[{"name":"wp","href":"https:\/\/api.w.org\/{rel}","templated":true}]}}