{"id":5209,"date":"2022-04-21T10:07:37","date_gmt":"2022-04-21T10:07:37","guid":{"rendered":"https:\/\/momentosdenatureza.web.ua.pt\/?page_id=5209"},"modified":"2022-04-21T21:58:05","modified_gmt":"2022-04-21T21:58:05","slug":"workshop-fotografia-de-natureza-2022","status":"publish","type":"page","link":"https:\/\/momentosdenatureza.web.ua.pt\/index.php\/workshop-fotografia-de-natureza-2022\/","title":{"rendered":"Workshop &#8220;Fotografia de Natureza&#8221; 2022"},"content":{"rendered":"<div class=\"entry-content\">\nWorkshop &#8220;Fotografia de Natureza&#8221;<\/p>\n<p><img decoding=\"async\" class=\"size-medium wp-image-1129\" src=\"https:\/\/momentosdenatureza.web.ua.pt\/wp-content\/uploads\/2022\/03\/Banner-MDN-2022.png\" alt=\"\" \/><\/p>\n<p>O Grupo \u201cMomentos de Natureza\u201d realizou um workshop sobre Fotografia de Natureza em duas datas alternativas, 28 de mar\u00e7o e 20 de abril, entre as 17h00 e as 18h30, na plataforma Zoom. Estes Workshops foram, como \u00e9 habitual, gratuitos e abertos ao publico em geral.<\/p>\n<p>Na primeira parte do workshop, Ant\u00f3nio Vieira abordou a fotografia dos pequenos detalhes (macro) que segundo o pr\u00f3prio &#8220;Nunca devemos sobrestimar a import\u00e2ncia da composi\u00e7\u00e3o. Por mais importante que seja a m\u00e1quina fotogr\u00e1fica, a lente ou outro equipamento, n\u00e3o h\u00e1 nada que contribua mais para uma imagem agrad\u00e1vel do que uma cuidadosa aten\u00e7\u00e3o ao enquadramento do objeto a fotografar. &#8221;<\/p>\n<p>Jo\u00e3o Quintela preencheu a segunda parte fazendo uma pequena introdu\u00e7\u00e3o aos diversos tipos de DSLR, lentes e acess\u00f3rios.<\/p>\n<p>Agenda:<br \/>\n1. Fotografia dos pequenos detalhes (macro) com Ant\u00f3nio vieira<br \/>\nConceitos b\u00e1sicos de composi\u00e7\u00e3o<br \/>\nA import\u00e2ncia da luz<\/p>\n<p>2. Introdu\u00e7\u00e3o ao Material Fotogr\u00e1fico com Jo\u00e3o Quintela<br \/>\nPequena introdu\u00e7\u00e3o aos diversos tipos de DSLR<br \/>\nLentes<br \/>\nAcess\u00f3rios\n<\/p><\/div>\n<p>as apresenta\u00e7\u00f5es:<br \/>\n<a href=\"https:\/\/momentosdenatureza.web.ua.pt\/wp-content\/uploads\/2022\/04\/WorkShop-FotografiadeNatureza-Macro.pdf\" target=\"_blank\" rel=\"noopener\">A Fotografia dos pequenos detalhes por T\u00f3 Vieira<\/a><br \/>\n<a href=\"https:\/\/youtu.be\/dswDm5v7Q4Q\" target=\"_blank\" rel=\"noopener\">Alternativas \u00e0 lente de Macro por T\u00f3 Vieira<\/a><br \/>\n<a href=\"https:\/\/youtu.be\/jd_zCq8Kge0\" target=\"_blank\" rel=\"noopener\">Introdu\u00e7\u00e3o ao Material Fotogr\u00e1fico por Jo\u00e3o Quintela<\/a><\/p>\n<hr>\n<style type=\"text\/css\">\n#foogallery-gallery-5239 .fg-image { width: 150px; }\n#foogallery-gallery-5239 { --fg-gutter: 10px; }<\/style>\n\t\t\t<div class=\"foogallery foogallery-container foogallery-default foogallery-lightbox-foobox fg-center fg-default fg-ready fg-light fg-border-thin fg-shadow-outline fg-loading-default fg-loaded-fade-in fg-caption-hover fg-hover-fade fg-hover-zoom\" id=\"foogallery-gallery-5239\" data-foogallery=\"{&quot;item&quot;:{&quot;showCaptionTitle&quot;:true,&quot;showCaptionDescription&quot;:true},&quot;lazy&quot;:true}\" style=\"--fg-title-line-clamp: 0; --fg-description-line-clamp: 0;\" >\n\t<div class=\"fg-item fg-type-image fg-idle\"><figure class=\"fg-item-inner\"><a href=\"https:\/\/momentosdenatureza.web.ua.pt\/wp-content\/uploads\/2022\/04\/TVZ8285.jpg\" data-attachment-id=\"5242\" data-type=\"image\" class=\"fg-thumb\"><span class=\"fg-image-wrap\"><img decoding=\"async\" width=\"150\" height=\"150\" class=\"skip-lazy fg-image\" data-src-fg=\"https:\/\/momentosdenatureza.web.ua.pt\/wp-content\/uploads\/cache\/2022\/04\/TVZ8285\/2766477390.jpg\" src=\"data:image\/svg+xml,%3Csvg%20xmlns%3D%22http%3A%2F%2Fwww.w3.org%2F2000%2Fsvg%22%20width%3D%22150%22%20height%3D%22150%22%20viewBox%3D%220%200%20150%20150%22%3E%3C%2Fsvg%3E\" loading=\"eager\"><\/span><span class=\"fg-image-overlay\"><\/span><\/a><\/figure><div class=\"fg-loader\"><\/div><\/div><div class=\"fg-item fg-type-image fg-idle\"><figure class=\"fg-item-inner\"><a href=\"https:\/\/momentosdenatureza.web.ua.pt\/wp-content\/uploads\/2022\/04\/TVZ8303.jpg\" data-attachment-id=\"5245\" data-type=\"image\" class=\"fg-thumb\"><span class=\"fg-image-wrap\"><img decoding=\"async\" width=\"150\" height=\"150\" class=\"skip-lazy fg-image\" data-src-fg=\"https:\/\/momentosdenatureza.web.ua.pt\/wp-content\/uploads\/cache\/2022\/04\/TVZ8303\/1785719912.jpg\" src=\"data:image\/svg+xml,%3Csvg%20xmlns%3D%22http%3A%2F%2Fwww.w3.org%2F2000%2Fsvg%22%20width%3D%22150%22%20height%3D%22150%22%20viewBox%3D%220%200%20150%20150%22%3E%3C%2Fsvg%3E\" loading=\"eager\"><\/span><span class=\"fg-image-overlay\"><\/span><\/a><\/figure><div class=\"fg-loader\"><\/div><\/div><div class=\"fg-item fg-type-image fg-idle\"><figure class=\"fg-item-inner\"><a href=\"https:\/\/momentosdenatureza.web.ua.pt\/wp-content\/uploads\/2022\/04\/TVZ8307.jpg\" data-attachment-id=\"5248\" data-type=\"image\" class=\"fg-thumb\"><span class=\"fg-image-wrap\"><img decoding=\"async\" width=\"150\" height=\"150\" class=\"skip-lazy fg-image\" data-src-fg=\"https:\/\/momentosdenatureza.web.ua.pt\/wp-content\/uploads\/cache\/2022\/04\/TVZ8307\/4229975337.jpg\" src=\"data:image\/svg+xml,%3Csvg%20xmlns%3D%22http%3A%2F%2Fwww.w3.org%2F2000%2Fsvg%22%20width%3D%22150%22%20height%3D%22150%22%20viewBox%3D%220%200%20150%20150%22%3E%3C%2Fsvg%3E\" loading=\"eager\"><\/span><span class=\"fg-image-overlay\"><\/span><\/a><\/figure><div class=\"fg-loader\"><\/div><\/div><div class=\"fg-item fg-type-image fg-idle\"><figure class=\"fg-item-inner\"><a href=\"https:\/\/momentosdenatureza.web.ua.pt\/wp-content\/uploads\/2022\/04\/20220328_182159.jpg\" data-attachment-id=\"5251\" data-type=\"image\" class=\"fg-thumb\"><span class=\"fg-image-wrap\"><img decoding=\"async\" width=\"150\" height=\"150\" class=\"skip-lazy fg-image\" data-src-fg=\"https:\/\/momentosdenatureza.web.ua.pt\/wp-content\/uploads\/cache\/2022\/04\/20220328_182159\/417175204.jpg\" src=\"data:image\/svg+xml,%3Csvg%20xmlns%3D%22http%3A%2F%2Fwww.w3.org%2F2000%2Fsvg%22%20width%3D%22150%22%20height%3D%22150%22%20viewBox%3D%220%200%20150%20150%22%3E%3C%2Fsvg%3E\" loading=\"eager\"><\/span><span class=\"fg-image-overlay\"><\/span><\/a><\/figure><div class=\"fg-loader\"><\/div><\/div><div class=\"fg-item fg-type-image fg-idle\"><figure class=\"fg-item-inner\"><a href=\"https:\/\/momentosdenatureza.web.ua.pt\/wp-content\/uploads\/2022\/04\/20220420_170513.jpg\" data-attachment-id=\"5254\" data-type=\"image\" class=\"fg-thumb\"><span class=\"fg-image-wrap\"><img decoding=\"async\" width=\"150\" height=\"150\" class=\"skip-lazy fg-image\" data-src-fg=\"https:\/\/momentosdenatureza.web.ua.pt\/wp-content\/uploads\/cache\/2022\/04\/20220420_170513\/3279073815.jpg\" src=\"data:image\/svg+xml,%3Csvg%20xmlns%3D%22http%3A%2F%2Fwww.w3.org%2F2000%2Fsvg%22%20width%3D%22150%22%20height%3D%22150%22%20viewBox%3D%220%200%20150%20150%22%3E%3C%2Fsvg%3E\" loading=\"eager\"><\/span><span class=\"fg-image-overlay\"><\/span><\/a><\/figure><div class=\"fg-loader\"><\/div><\/div><div class=\"fg-item fg-type-image fg-idle\"><figure class=\"fg-item-inner\"><a href=\"https:\/\/momentosdenatureza.web.ua.pt\/wp-content\/uploads\/2022\/04\/20220420_180230.jpg\" data-attachment-id=\"5257\" data-type=\"image\" class=\"fg-thumb\"><span class=\"fg-image-wrap\"><img decoding=\"async\" width=\"150\" height=\"150\" class=\"skip-lazy fg-image\" data-src-fg=\"https:\/\/momentosdenatureza.web.ua.pt\/wp-content\/uploads\/cache\/2022\/04\/20220420_180230\/3124374613.jpg\" src=\"data:image\/svg+xml,%3Csvg%20xmlns%3D%22http%3A%2F%2Fwww.w3.org%2F2000%2Fsvg%22%20width%3D%22150%22%20height%3D%22150%22%20viewBox%3D%220%200%20150%20150%22%3E%3C%2Fsvg%3E\" loading=\"eager\"><\/span><span class=\"fg-image-overlay\"><\/span><\/a><\/figure><div class=\"fg-loader\"><\/div><\/div><div class=\"fg-item fg-type-image fg-idle\"><figure class=\"fg-item-inner\"><a href=\"https:\/\/momentosdenatureza.web.ua.pt\/wp-content\/uploads\/2022\/04\/20220420_183544.jpg\" data-attachment-id=\"5260\" data-type=\"image\" class=\"fg-thumb\"><span class=\"fg-image-wrap\"><img decoding=\"async\" width=\"150\" height=\"150\" class=\"skip-lazy fg-image\" data-src-fg=\"https:\/\/momentosdenatureza.web.ua.pt\/wp-content\/uploads\/cache\/2022\/04\/20220420_183544\/2520969974.jpg\" src=\"data:image\/svg+xml,%3Csvg%20xmlns%3D%22http%3A%2F%2Fwww.w3.org%2F2000%2Fsvg%22%20width%3D%22150%22%20height%3D%22150%22%20viewBox%3D%220%200%20150%20150%22%3E%3C%2Fsvg%3E\" loading=\"eager\"><\/span><span class=\"fg-image-overlay\"><\/span><\/a><\/figure><div class=\"fg-loader\"><\/div><\/div><\/div>\n\n","protected":false},"excerpt":{"rendered":"<p>Workshop &#8220;Fotografia de Natureza&#8221; O Grupo \u201cMomentos de Natureza\u201d realizou um workshop sobre Fotografia de Natureza em duas datas alternativas, 28 de mar\u00e7o e 20 [&#8230;]<\/p>\n","protected":false},"author":3,"featured_media":0,"parent":0,"menu_order":0,"comment_status":"closed","ping_status":"closed","template":"","meta":{"footnotes":""},"class_list":["post-5209","page","type-page","status-publish","hentry"],"post_mailing_queue_ids":[],"_links":{"self":[{"href":"https:\/\/momentosdenatureza.web.ua.pt\/index.php\/wp-json\/wp\/v2\/pages\/5209","targetHints":{"allow":["GET"]}}],"collection":[{"href":"https:\/\/momentosdenatureza.web.ua.pt\/index.php\/wp-json\/wp\/v2\/pages"}],"about":[{"href":"https:\/\/momentosdenatureza.web.ua.pt\/index.php\/wp-json\/wp\/v2\/types\/page"}],"author":[{"embeddable":true,"href":"https:\/\/momentosdenatureza.web.ua.pt\/index.php\/wp-json\/wp\/v2\/users\/3"}],"replies":[{"embeddable":true,"href":"https:\/\/momentosdenatureza.web.ua.pt\/index.php\/wp-json\/wp\/v2\/comments?post=5209"}],"version-history":[{"count":7,"href":"https:\/\/momentosdenatureza.web.ua.pt\/index.php\/wp-json\/wp\/v2\/pages\/5209\/revisions"}],"predecessor-version":[{"id":5263,"href":"https:\/\/momentosdenatureza.web.ua.pt\/index.php\/wp-json\/wp\/v2\/pages\/5209\/revisions\/5263"}],"wp:attachment":[{"href":"https:\/\/momentosdenatureza.web.ua.pt\/index.php\/wp-json\/wp\/v2\/media?parent=5209"}],"curies":[{"name":"wp","href":"https:\/\/api.w.org\/{rel}","templated":true}]}}