{"id":6142,"date":"2025-06-29T11:07:04","date_gmt":"2025-06-29T11:07:04","guid":{"rendered":"https:\/\/momentosdenatureza.web.ua.pt\/?page_id=6142"},"modified":"2025-07-11T10:52:05","modified_gmt":"2025-07-11T10:52:05","slug":"joao-quintela-2025","status":"publish","type":"page","link":"https:\/\/momentosdenatureza.web.ua.pt\/index.php\/joao-quintela-2025\/","title":{"rendered":"Jo\u00e3o Quintela 2025"},"content":{"rendered":"<p><b>Jo\u00e3o Quintela<\/b><br \/>\nNasci em Lisboa em mar\u00e7o de 1969.<br \/>\nDesde muito novo me interessei pela fotografia, com especial incid\u00eancia na Fotografia de Natureza.<br \/>\nFrequentei a escola AR. CO em 1994\/5 onde frequentei o Curso de Fotografia \u2013 apenas terminei a fase de inicia\u00e7\u00e3o.<br \/>\nDesde h\u00e1 bastante tempo que me tenho dedicado em exclusivo \u00e0 fotografia de paisagem, quer na sua vertente \u201ctradicional\u201d, ampla, quer numa vis\u00e3o mais minimalista, intimista.<\/p>\n<p><a href=\"http:\/\/www.facebook.com\/joaoquintelafotografia\" target=\"_blanc\" rel=\"noopener\">www.facebook.com\/joaoquintelafotografia <\/a><\/p>\n<p><a href=\"https:\/\/joaoquintela.wixsite.com\/fotografia\" target=\"_blanc\" rel=\"noopener\">https:\/\/joaoquintela.wixsite.com\/fotografia <\/a><\/p>\n<hr \/>\n<style type=\"text\/css\">\n#foogallery-gallery-6418.fg-masonry .fg-item { width: 250px; }\n#foogallery-gallery-6418.fg-masonry { --fg-gutter: 10px; }<\/style>\n\t\t\t<div class=\"foogallery foogallery-container foogallery-masonry foogallery-lightbox-foogallery fg-center fg-masonry fg-ready fg-dark fg-border-thin fg-shadow-small fg-loading-default fg-loaded-fade-in fg-captions-bottom fg-hover-fade fg-hover-plus fg-fixed\" id=\"foogallery-gallery-6418\" data-foogallery=\"{&quot;item&quot;:{&quot;showCaptionTitle&quot;:true,&quot;showCaptionDescription&quot;:true},&quot;lazy&quot;:true,&quot;template&quot;:{&quot;columnWidth&quot;:250,&quot;gutter&quot;:10}}\" data-foogallery-lightbox=\"{&quot;thumbs&quot;:&quot;none&quot;,&quot;info&quot;:&quot;bottom&quot;,&quot;infoVisible&quot;:true,&quot;infoOverlay&quot;:true,&quot;infoAlign&quot;:&quot;center&quot;,&quot;transition&quot;:&quot;fade&quot;,&quot;hoverButtons&quot;:false,&quot;fitMedia&quot;:false,&quot;noScrollbars&quot;:true,&quot;preserveButtonSpace&quot;:true,&quot;buttons&quot;:{&quot;fullscreen&quot;:true,&quot;info&quot;:true,&quot;thumbs&quot;:false},&quot;video&quot;:{&quot;autoPlay&quot;:true}}\" style=\"--fg-title-line-clamp: 0; --fg-description-line-clamp: 0;\" >\n\t\t<div class=\"fg-item fg-type-image fg-idle\"><figure class=\"fg-item-inner\"><a href=\"https:\/\/momentosdenatureza.web.ua.pt\/wp-content\/uploads\/2025\/07\/Desenraizada.jpg\" data-caption-title=\"Desenraizada\" data-caption-desc=\"Agosto 2024\n\n\n\u00a9 Jo\u00e3o Quintela\" data-attachment-id=\"6412\" data-type=\"image\" class=\"fg-thumb\"><span class=\"fg-image-wrap\"><img decoding=\"async\" alt=\"Desenraizada\" title=\"Desenraizada\" width=\"250\" height=\"175\" class=\"skip-lazy fg-image\" data-src-fg=\"https:\/\/momentosdenatureza.web.ua.pt\/wp-content\/uploads\/cache\/2025\/07\/Desenraizada\/1506424817.jpg\" src=\"data:image\/svg+xml,%3Csvg%20xmlns%3D%22http%3A%2F%2Fwww.w3.org%2F2000%2Fsvg%22%20width%3D%22250%22%20height%3D%22175%22%20viewBox%3D%220%200%20250%20175%22%3E%3C%2Fsvg%3E\" loading=\"eager\"><\/span><span class=\"fg-image-overlay\"><\/span><\/a><figcaption class=\"fg-caption\"><div class=\"fg-caption-inner\"><div class=\"fg-caption-title\">Desenraizada<\/div><div class=\"fg-caption-desc\">Agosto 2024\n\n\n\u00a9 Jo\u00e3o Quintela<\/div><\/div><\/figcaption><\/figure><div class=\"fg-loader\"><\/div><\/div><div class=\"fg-item fg-type-image fg-idle\"><figure class=\"fg-item-inner\"><a href=\"https:\/\/momentosdenatureza.web.ua.pt\/wp-content\/uploads\/2025\/07\/Carvalho-na-Ribeira-da-Palha.jpg\" data-caption-title=\"Carvalho na Ribeira da Palha\" data-caption-desc=\"Janeiro 2025\n\n\u00a9 Jo\u00e3o Quintela\" data-attachment-id=\"6409\" data-type=\"image\" class=\"fg-thumb\"><span class=\"fg-image-wrap\"><img decoding=\"async\" alt=\"Carvalho na Ribeira da Palha\" title=\"Carvalho na Ribeira da Palha\" width=\"250\" height=\"175\" class=\"skip-lazy fg-image\" data-src-fg=\"https:\/\/momentosdenatureza.web.ua.pt\/wp-content\/uploads\/cache\/2025\/07\/Carvalho-na-Ribeira-da-Palha\/3501254165.jpg\" src=\"data:image\/svg+xml,%3Csvg%20xmlns%3D%22http%3A%2F%2Fwww.w3.org%2F2000%2Fsvg%22%20width%3D%22250%22%20height%3D%22175%22%20viewBox%3D%220%200%20250%20175%22%3E%3C%2Fsvg%3E\" loading=\"eager\"><\/span><span class=\"fg-image-overlay\"><\/span><\/a><figcaption class=\"fg-caption\"><div class=\"fg-caption-inner\"><div class=\"fg-caption-title\">Carvalho na Ribeira da Palha<\/div><div class=\"fg-caption-desc\">Janeiro 2025\n\n\u00a9 Jo\u00e3o Quintela<\/div><\/div><\/figcaption><\/figure><div class=\"fg-loader\"><\/div><\/div><div class=\"fg-item fg-type-image fg-idle\"><figure class=\"fg-item-inner\"><a href=\"https:\/\/momentosdenatureza.web.ua.pt\/wp-content\/uploads\/2025\/07\/Abraco-2.jpg\" data-caption-title=\"Abra\u00e7o #2\" data-caption-desc=\"Agosto 2024\n\n\n\u00a9 Jo\u00e3o Quintela\" data-attachment-id=\"6406\" data-type=\"image\" class=\"fg-thumb\"><span class=\"fg-image-wrap\"><img fetchpriority=\"high\" decoding=\"async\" alt=\"Abra\u00e7o #2\" title=\"Abra\u00e7o #2\" width=\"250\" height=\"432\" class=\"skip-lazy fg-image\" data-src-fg=\"https:\/\/momentosdenatureza.web.ua.pt\/wp-content\/uploads\/cache\/2025\/07\/Abraco-2\/478948849.jpg\" src=\"data:image\/svg+xml,%3Csvg%20xmlns%3D%22http%3A%2F%2Fwww.w3.org%2F2000%2Fsvg%22%20width%3D%22250%22%20height%3D%22432%22%20viewBox%3D%220%200%20250%20432%22%3E%3C%2Fsvg%3E\" loading=\"eager\"><\/span><span class=\"fg-image-overlay\"><\/span><\/a><figcaption class=\"fg-caption\"><div class=\"fg-caption-inner\"><div class=\"fg-caption-title\">Abra\u00e7o #2<\/div><div class=\"fg-caption-desc\">Agosto 2024\n\n\n\u00a9 Jo\u00e3o Quintela<\/div><\/div><\/figcaption><\/figure><div class=\"fg-loader\"><\/div><\/div><div class=\"fg-item fg-type-image fg-idle\"><figure class=\"fg-item-inner\"><a href=\"https:\/\/momentosdenatureza.web.ua.pt\/wp-content\/uploads\/2025\/07\/Uma-especie-de-bosque-7.jpg\" data-caption-title=\"Uma esp\u00e9cie de bosque #7\" data-caption-desc=\"Janeiro 2024\n\n\u00a9 Jo\u00e3o Quintela\" data-attachment-id=\"6403\" data-type=\"image\" class=\"fg-thumb\"><span class=\"fg-image-wrap\"><img decoding=\"async\" alt=\"Uma esp\u00e9cie de bosque #7\" title=\"Uma esp\u00e9cie de bosque #7\" width=\"250\" height=\"175\" class=\"skip-lazy fg-image\" data-src-fg=\"https:\/\/momentosdenatureza.web.ua.pt\/wp-content\/uploads\/cache\/2025\/07\/Uma-especie-de-bosque-7\/2490849586.jpg\" src=\"data:image\/svg+xml,%3Csvg%20xmlns%3D%22http%3A%2F%2Fwww.w3.org%2F2000%2Fsvg%22%20width%3D%22250%22%20height%3D%22175%22%20viewBox%3D%220%200%20250%20175%22%3E%3C%2Fsvg%3E\" loading=\"eager\"><\/span><span class=\"fg-image-overlay\"><\/span><\/a><figcaption class=\"fg-caption\"><div class=\"fg-caption-inner\"><div class=\"fg-caption-title\">Uma esp\u00e9cie de bosque #7<\/div><div class=\"fg-caption-desc\">Janeiro 2024\n\n\u00a9 Jo\u00e3o Quintela<\/div><\/div><\/figcaption><\/figure><div class=\"fg-loader\"><\/div><\/div><div class=\"fg-item fg-type-image fg-idle\"><figure class=\"fg-item-inner\"><a href=\"https:\/\/momentosdenatureza.web.ua.pt\/wp-content\/uploads\/2025\/07\/Uma-especie-de-bosque-6.jpg\" data-caption-title=\"Uma esp\u00e9cie de bosque #6\" data-caption-desc=\"Janeiro 2024\n\n\u00a9 Jo\u00e3o Quintela\" data-attachment-id=\"6400\" data-type=\"image\" class=\"fg-thumb\"><span class=\"fg-image-wrap\"><img decoding=\"async\" alt=\"Uma esp\u00e9cie de bosque #6\" title=\"Uma esp\u00e9cie de bosque #6\" width=\"250\" height=\"393\" class=\"skip-lazy fg-image\" data-src-fg=\"https:\/\/momentosdenatureza.web.ua.pt\/wp-content\/uploads\/cache\/2025\/07\/Uma-especie-de-bosque-6\/2568980379.jpg\" src=\"data:image\/svg+xml,%3Csvg%20xmlns%3D%22http%3A%2F%2Fwww.w3.org%2F2000%2Fsvg%22%20width%3D%22250%22%20height%3D%22393%22%20viewBox%3D%220%200%20250%20393%22%3E%3C%2Fsvg%3E\" loading=\"eager\"><\/span><span class=\"fg-image-overlay\"><\/span><\/a><figcaption class=\"fg-caption\"><div class=\"fg-caption-inner\"><div class=\"fg-caption-title\">Uma esp\u00e9cie de bosque #6<\/div><div class=\"fg-caption-desc\">Janeiro 2024\n\n\u00a9 Jo\u00e3o Quintela<\/div><\/div><\/figcaption><\/figure><div class=\"fg-loader\"><\/div><\/div><div class=\"fg-item fg-type-image fg-idle\"><figure class=\"fg-item-inner\"><a href=\"https:\/\/momentosdenatureza.web.ua.pt\/wp-content\/uploads\/2025\/07\/Uma-especie-de-bosque-4.jpg\" data-caption-title=\"Uma esp\u00e9cie de bosque #4\" data-caption-desc=\"Novembro 2023\n\n\u00a9 Jo\u00e3o Quintela\" data-attachment-id=\"6397\" data-type=\"image\" class=\"fg-thumb\"><span class=\"fg-image-wrap\"><img decoding=\"async\" alt=\"Uma esp\u00e9cie de bosque #4\" title=\"Uma esp\u00e9cie de bosque #4\" width=\"250\" height=\"398\" class=\"skip-lazy fg-image\" data-src-fg=\"https:\/\/momentosdenatureza.web.ua.pt\/wp-content\/uploads\/cache\/2025\/07\/Uma-especie-de-bosque-4\/898956153.jpg\" src=\"data:image\/svg+xml,%3Csvg%20xmlns%3D%22http%3A%2F%2Fwww.w3.org%2F2000%2Fsvg%22%20width%3D%22250%22%20height%3D%22398%22%20viewBox%3D%220%200%20250%20398%22%3E%3C%2Fsvg%3E\" loading=\"eager\"><\/span><span class=\"fg-image-overlay\"><\/span><\/a><figcaption class=\"fg-caption\"><div class=\"fg-caption-inner\"><div class=\"fg-caption-title\">Uma esp\u00e9cie de bosque #4<\/div><div class=\"fg-caption-desc\">Novembro 2023\n\n\u00a9 Jo\u00e3o Quintela<\/div><\/div><\/figcaption><\/figure><div class=\"fg-loader\"><\/div><\/div><div class=\"fg-item fg-type-image fg-idle\"><figure class=\"fg-item-inner\"><a href=\"https:\/\/momentosdenatureza.web.ua.pt\/wp-content\/uploads\/2025\/07\/Raizes.jpg\" data-caption-title=\"Ra\u00edzes\" data-caption-desc=\"Junho 2024\n\n\n\u00a9 Jo\u00e3o Quintela\" data-attachment-id=\"6394\" data-type=\"image\" class=\"fg-thumb\"><span class=\"fg-image-wrap\"><img decoding=\"async\" alt=\"Ra\u00edzes\" title=\"Ra\u00edzes\" width=\"250\" height=\"175\" class=\"skip-lazy fg-image\" data-src-fg=\"https:\/\/momentosdenatureza.web.ua.pt\/wp-content\/uploads\/cache\/2025\/07\/Raizes\/3609604799.jpg\" src=\"data:image\/svg+xml,%3Csvg%20xmlns%3D%22http%3A%2F%2Fwww.w3.org%2F2000%2Fsvg%22%20width%3D%22250%22%20height%3D%22175%22%20viewBox%3D%220%200%20250%20175%22%3E%3C%2Fsvg%3E\" loading=\"eager\"><\/span><span class=\"fg-image-overlay\"><\/span><\/a><figcaption class=\"fg-caption\"><div class=\"fg-caption-inner\"><div class=\"fg-caption-title\">Ra\u00edzes<\/div><div class=\"fg-caption-desc\">Junho 2024\n\n\n\u00a9 Jo\u00e3o Quintela<\/div><\/div><\/figcaption><\/figure><div class=\"fg-loader\"><\/div><\/div><div class=\"fg-item fg-type-image fg-idle\"><figure class=\"fg-item-inner\"><a href=\"https:\/\/momentosdenatureza.web.ua.pt\/wp-content\/uploads\/2025\/07\/Pateira-de-Fermentelos.jpg\" data-caption-title=\"Pateira de Fermentelos\" data-caption-desc=\"Dezembro 2022\n\n\u00a9 Jo\u00e3o Quintela\" data-attachment-id=\"6391\" data-type=\"image\" class=\"fg-thumb\"><span class=\"fg-image-wrap\"><img decoding=\"async\" alt=\"Pateira de Fermentelos\" title=\"Pateira de Fermentelos\" width=\"250\" height=\"175\" class=\"skip-lazy fg-image\" data-src-fg=\"https:\/\/momentosdenatureza.web.ua.pt\/wp-content\/uploads\/cache\/2025\/07\/Pateira-de-Fermentelos\/1774743603.jpg\" src=\"data:image\/svg+xml,%3Csvg%20xmlns%3D%22http%3A%2F%2Fwww.w3.org%2F2000%2Fsvg%22%20width%3D%22250%22%20height%3D%22175%22%20viewBox%3D%220%200%20250%20175%22%3E%3C%2Fsvg%3E\" loading=\"eager\"><\/span><span class=\"fg-image-overlay\"><\/span><\/a><figcaption class=\"fg-caption\"><div class=\"fg-caption-inner\"><div class=\"fg-caption-title\">Pateira de Fermentelos<\/div><div class=\"fg-caption-desc\">Dezembro 2022\n\n\u00a9 Jo\u00e3o Quintela<\/div><\/div><\/figcaption><\/figure><div class=\"fg-loader\"><\/div><\/div><div class=\"fg-item fg-type-image fg-idle\"><figure class=\"fg-item-inner\"><a href=\"https:\/\/momentosdenatureza.web.ua.pt\/wp-content\/uploads\/2025\/07\/Outonais1.jpg\" data-caption-title=\"Outonais # 1\" data-caption-desc=\"Novembro 2024\n\n\u00a9 Jo\u00e3o Quintela\" data-attachment-id=\"6388\" data-type=\"image\" class=\"fg-thumb\"><span class=\"fg-image-wrap\"><img decoding=\"async\" alt=\"Outonais # 1\" title=\"Outonais # 1\" width=\"250\" height=\"148\" class=\"skip-lazy fg-image\" data-src-fg=\"https:\/\/momentosdenatureza.web.ua.pt\/wp-content\/uploads\/cache\/2025\/07\/Outonais1\/3307343075.jpg\" src=\"data:image\/svg+xml,%3Csvg%20xmlns%3D%22http%3A%2F%2Fwww.w3.org%2F2000%2Fsvg%22%20width%3D%22250%22%20height%3D%22148%22%20viewBox%3D%220%200%20250%20148%22%3E%3C%2Fsvg%3E\" loading=\"eager\"><\/span><span class=\"fg-image-overlay\"><\/span><\/a><figcaption class=\"fg-caption\"><div class=\"fg-caption-inner\"><div class=\"fg-caption-title\">Outonais # 1<\/div><div class=\"fg-caption-desc\">Novembro 2024\n\n\u00a9 Jo\u00e3o Quintela<\/div><\/div><\/figcaption><\/figure><div class=\"fg-loader\"><\/div><\/div><div class=\"fg-item fg-type-image fg-idle\"><figure class=\"fg-item-inner\"><a href=\"https:\/\/momentosdenatureza.web.ua.pt\/wp-content\/uploads\/2025\/07\/Linhas-Cruzadas.jpg\" data-caption-title=\"Linhas Cruzadas\" data-caption-desc=\"Setembro 2020\n\n\n\u00a9 Jo\u00e3o Quintela\" data-attachment-id=\"6385\" data-type=\"image\" class=\"fg-thumb\"><span class=\"fg-image-wrap\"><img decoding=\"async\" alt=\"Linhas Cruzadas\" title=\"Linhas Cruzadas\" width=\"250\" height=\"394\" class=\"skip-lazy fg-image\" data-src-fg=\"https:\/\/momentosdenatureza.web.ua.pt\/wp-content\/uploads\/cache\/2025\/07\/Linhas-Cruzadas\/959088150.jpg\" src=\"data:image\/svg+xml,%3Csvg%20xmlns%3D%22http%3A%2F%2Fwww.w3.org%2F2000%2Fsvg%22%20width%3D%22250%22%20height%3D%22394%22%20viewBox%3D%220%200%20250%20394%22%3E%3C%2Fsvg%3E\" loading=\"eager\"><\/span><span class=\"fg-image-overlay\"><\/span><\/a><figcaption class=\"fg-caption\"><div class=\"fg-caption-inner\"><div class=\"fg-caption-title\">Linhas Cruzadas<\/div><div class=\"fg-caption-desc\">Setembro 2020\n\n\n\u00a9 Jo\u00e3o Quintela<\/div><\/div><\/figcaption><\/figure><div class=\"fg-loader\"><\/div><\/div><\/div>\n","protected":false},"excerpt":{"rendered":"<p>Jo\u00e3o Quintela Nasci em Lisboa em mar\u00e7o de 1969. Desde muito novo me interessei pela fotografia, com especial incid\u00eancia na Fotografia de Natureza. Frequentei a [&#8230;]<\/p>\n","protected":false},"author":3,"featured_media":0,"parent":0,"menu_order":0,"comment_status":"closed","ping_status":"closed","template":"","meta":{"footnotes":""},"class_list":["post-6142","page","type-page","status-publish","hentry"],"post_mailing_queue_ids":[],"_links":{"self":[{"href":"https:\/\/momentosdenatureza.web.ua.pt\/index.php\/wp-json\/wp\/v2\/pages\/6142","targetHints":{"allow":["GET"]}}],"collection":[{"href":"https:\/\/momentosdenatureza.web.ua.pt\/index.php\/wp-json\/wp\/v2\/pages"}],"about":[{"href":"https:\/\/momentosdenatureza.web.ua.pt\/index.php\/wp-json\/wp\/v2\/types\/page"}],"author":[{"embeddable":true,"href":"https:\/\/momentosdenatureza.web.ua.pt\/index.php\/wp-json\/wp\/v2\/users\/3"}],"replies":[{"embeddable":true,"href":"https:\/\/momentosdenatureza.web.ua.pt\/index.php\/wp-json\/wp\/v2\/comments?post=6142"}],"version-history":[{"count":3,"href":"https:\/\/momentosdenatureza.web.ua.pt\/index.php\/wp-json\/wp\/v2\/pages\/6142\/revisions"}],"predecessor-version":[{"id":6424,"href":"https:\/\/momentosdenatureza.web.ua.pt\/index.php\/wp-json\/wp\/v2\/pages\/6142\/revisions\/6424"}],"wp:attachment":[{"href":"https:\/\/momentosdenatureza.web.ua.pt\/index.php\/wp-json\/wp\/v2\/media?parent=6142"}],"curies":[{"name":"wp","href":"https:\/\/api.w.org\/{rel}","templated":true}]}}